 = r + 1. Let v(l) = b*i(l) - 4*n(l). What is v(2)?
8
Let f(i) = i + 5. Let l be f(-3). Let q(r) = 3*r**2 - r - r**2 - r**2 - l*r**2. What is q(0)?
0
Suppose 0 = 2*w - w. Suppose -4*x - 2 = -10. Let v(r) = x*r - 6 - 2*r + r. What is v(w)?
-6
Let n(x) = 4*x**3 + 6*x**2 - x + 7. Let i be 3 - (-7 + 1 - -3). Let m(d) = 12*d**3 + 17*d**2 - 3*d + 20. Let y(r) = i*m(r) - 17*n(r). Determine y(1).
4
Let r(l) = -l**2 - 6*l - 3. Let t be (-6)/(-18)*(-5 + 2). Let h be t/1*3*1. Calculate r(h).
6
Let c(j) = -j**3 + 4*j**2 + 5*j + 3. Let y be c(5). Let m(u) = -2*u**2 + 4*u. Determine m(y).
-6
Let l(c) = -c**3 - 4*c**2 - 4*c - 3. Let g be l(-3). Let n(j) = 2*j + 2*j**2 - j**2 - 2*j**2 - 3 + g*j. Calculate n(3).
-6
Let c(u) be the third derivative of u**5/20 + u**4/24 - u**3/6 - 2*u**2 - 5*u. Determine c(1).
3
Let h(p) be the first derivative of -2*p**3/3 - 7*p**2/2 - 4*p - 3. Calculate h(-5).
-19
Let d(w) = w - 4. Let y(v) = -4*v + 16. Let z(r) = -9*d(r) - 2*y(r). Suppose 12 = 4*g - c, -5*g + 22 = 4*c - 7*c. Let m = g - 2. Calculate z(m).
4
Let m(i) = -3*i - 2 + 16*i**2 - 17*i**2 - 2 + 9*i. Give m(4).
4
Let u(r) = -2*r + 5. Let g(q) = -q + 2. Let v(o) = 5*g(o) - 2*u(o). Calculate v(-4).
4
Let a(m) = -m**2 - 7*m - 6. Let u(d) = -5*d - 1. Let f be u(1). Calculate a(f).
0
Suppose -16 = -4*k - r, 2*r + 0*r = -5*k + 20. Let v be 2/3 - 12/18. Let g(w) = -2*w + v*w + w - 1. What is g(k)?
-5
Suppose -c = -3*c + 4. Let h(k) = k**3 - 3*k**2 + 2*k + 2. What is h(c)?
2
Suppose 3 + 3 = g. Let r(o) be the first derivative of o**2 - 4*o + 5. Calculate r(g).
8
Let l(f) = 2*f - 1. Let b(j) be the first derivative of 3*j**2/2 - j + 2. Let g(i) = -i. Let a be g(-5). Let v(w) = a*b(w) - 8*l(w). Calculate v(3).
0
Let f(n) = -n**2 + 2*n - 1. Suppose 3*u + 8 + 5 = 4*s, -16 = -4*s + 4*u. Give f(s).
0
Let m(t) = -t**2 + t - 8. Let p(a) = a**2 - 2*a + 7. Let f(o) = -4*m(o) - 5*p(o). Let r(y) = y**2 + y - 8. Let k be r(-4). Calculate f(k).
5
Let w(c) be the first derivative of 0*c**2 - 9 - 2*c + c**2 + 7. Let m(z) = z**2 - z - 1. Let d be m(-2). Give w(d).
8
Let y(n) = -n**3 + 5*n**2 + 7*n - 2. Let c be y(6). Let x(a) = 4*a**3 - 7*a - a**3 + 6 - c*a**2 - 2*a**3. Calculate x(5).
-4
Let c be (2/1)/(2/(-7)). Let v(p) = -13*p - 15. Let f(r) = -19*r - 16. Let g(s) = 2*f(s) - 3*v(s). Give g(c).
6
Let x(c) = 4*c - 3. Let m(s) = -9*s + 7. Let h(r) = 3*m(r) + 7*x(r). Let z be h(-3). Let b(g) = g**2 + 3*g. Give b(z).
0
Let k(p) = 5*p - 2 - 2*p + 0*p. Give k(3).
7
Let g(o) = -2*o - o + 1 + 0*o + 0. Calculate g(-3).
10
Suppose -15 = 5*v - 4*q - 0*q, 4*v - 14 = -2*q. Let o(n) = -13*n + 0*n + 3*n. Give o(v).
-10
Let f(v) = -v - 2. Let r(k) = -2*k - 7. Let g(x) = x - 2. Let n be g(4). Let p(s) = n*r(s) - 7*f(s). Determine p(-1).
-3
Let c(a) = 8 + 2*a - 11*a + 7 - 16. Suppose 3*t = 4*t + 1. Give c(t).
8
Let m(s) = -s**2 - 6*s - 3. Let c(l) = l**2 - 16*l + 9. Let v be c(15). What is m(v)?
-3
Let y be (7 - (-1 - -2) - 2) + -1. Let j(m) be the third derivative of m**2 + 1/3*m**3 + 0*m - 1/8*m**4 + 0. Give j(y).
-7
Suppose 0 = 5*q - 2*d, d + 11 = -2*q + 4*d. Let i(s) = q*s + 2*s - 1 - 6*s + 2. Calculate i(-4).
9
Let z(g) be the second derivative of g**3/6 + 3*g**2/2 + 4*g. Suppose -t + 2*v + 9 = 0, 3*v + 45 = 5*t - 14. Suppose 5*r = 10, d + r - t = -3*r. Determine z(d).
8
Suppose -4*m = -2*m. Suppose m = -5*i + i + 12. Let t = i + -6. Let c(h) = h**3 + 4*h**2 + 2. Determine c(t).
11
Let t(b) = b**2 - 5*b - 5. Let q be -2*(-156)/64 + (-2)/(-16). Calculate t(q).
-5
Let q(l) = -10. Let f(p) = p - 29. Let g(b) = 2*f(b) - 7*q(b). What is g(-9)?
-6
Let d(y) = -2*y + 1. Let f be d(-1). Let a be 4/24 - 5/(-6). Let h(x) = f + 2*x - a + 2. What is h(-6)?
-8
Let u(x) = -x**3 + 2*x**2 + 4*x. Let i(d) = -d**2 - d + 3. Let o be i(0). Calculate u(o).
3
Suppose 2*l = -30 + 18. Let o(v) = -v - 6. Give o(l).
0
Suppose 2*c - 2 = 0, -2*c - 1 = -z - 0. Suppose z*h + 0 - 6 = 0. Suppose 0 = w + h*o - 3, -3*w = -w - 5*o + 21. Let j(m) = -m**3 - 3*m**2 - 3*m. What is j(w)?
9
Suppose 3*x - 8 = -x. Let t(d) = 2*d**3 - 2*d**2 - d + 1. Give t(x).
7
Let s be (11 - (-3)/(-1)) + 2. Let g(k) = -s - 2*k + 7 + 5. What is g(2)?
-2
Let u be 37/7 + (-8)/28. Let n(k) = k + 4 - u - 2*k - 2*k. What is n(-1)?
2
Let m(b) = -b - 2. Let z(y) = -4 + 2 + 4 - 1. Let a(h) = m(h) - 3*z(h). Calculate a(0).
-5
Let l = 0 - 4. Suppose -4*h + h = -18. Let v(f) = -8 + f**3 - f - h*f + 11 + 3*f**2 + 4*f. Calculate v(l).
-1
Let b(c) = -c - 6. Let v be ((-34)/(-8))/(7/(-28)). Let g(j) = -4*j - 17. Let z(p) = v*b(p) + 6*g(p). Determine z(1).
-7
Let g(n) = n + 6. Let l(t) = t**2 - 6*t - 18. Let b be l(10). Suppose 0 = 25*k - b*k + 18. What is g(k)?
0
Let j(c) = c - 3. Let g(u) = -u + 4. Let q(x) = -4*g(x) - 3*j(x). Let h(p) = p**3 + 10*p**2 + 10*p + 9. Let v be h(-9). What is q(v)?
-7
Let u(m) = -m**3 + m**2 - 2. Suppose 0 = -j + 4*j. Determine u(j).
-2
Let y(s) = s**3 + 4*s**2 + s - 4. Let z be y(-4). Let v be (-9)/3*z/6. Let h(f) = -f**2 - 5*f + v*f - 2*f**2 + 2*f**2. Calculate h(2).
-6
Let x(q) = 5*q**2 + 3 - 4*q**2 + q - 3*q. Let j be x(2). Let b(o) = j*o**3 + 3*o**2 - 4*o**3 - 3 + 3*o**2 - 6*o. Calculate b(5).
-8
Let p(d) = d**3 - 5*d**2 + 2*d + 7. Let t be p(3). Let u(x) = x**3 + 6*x**2 + 7*x + 1. Determine u(t).
-9
Let z(k) = -5*k - 6*k**2 + 0*k**2 - 1 + k**3 + 3*k**2. Give z(4).
-5
Let g(k) be the third derivative of -2*k**2 + 0 - 1/20*k**5 + 1/2*k**3 + 0*k - 1/120*k**6 + 1/6*k**4. Determine g(-4).
3
Let j(a) = -a**2 - 7. Let w(q) = -q - 3. Let y be w(-3). What is j(y)?
-7
Let m(w) = -w**3 - 2*w**2 + 4. Let l be m(-2). Let o(f) = -5*f**2 + 6*f**3 - f - 3*f**3 + 5 - 2*f**3 + 2*f. Give o(l).
-7
Let h = -43 - -48. Let v(y) be the third derivative of -y**2 + 0*y + 2/3*y**3 + 0 + 0*y**4 - 1/60*y**h. What is v(-3)?
-5
Let d(u) be the second derivative of u**3/6 - 2*u**2 + 10*u + 1. What is d(4)?
0
Let s(l) = -7*l + 9. Let y(r) = -13*r + 16. Let b(j) = 11*s(j) - 6*y(j). Calculate b(-4).
-1
Let a(h) be the second derivative of -1/2*h**2 + 0 + 1/60*h**5 + 1/3*h**3 - 1/24*h**4 + 2*h. Let x(u) be the first derivative of a(u). Calculate x(-2).
8
Let z(d) be the second derivative of -d**4/6 - 2*d**3/3 + d**2/2 - 3*d. Determine z(-3).
-5
Let j(x) = -x**3 + 4*x**2 + x + 5. Let v be j(5). Let l(a) = 0*a - 3*a + 2*a - 1. Let f(i) = 4*i + 5. Let z(q) = v*l(q) - 3*f(q). Determine z(2).
6
Let y be 26/(-22) + (-4)/(-22). Let i be y + -3 + 0/2. Let z(h) = -h**2 - 3*h + 4. Determine z(i).
0
Let i(f) = -f**3 - 6*f**2 + f + 0 + 7 - 1 - 7. Suppose 6 = -d - 0. Calculate i(d).
-7
Let b be 12/7 + (-14)/(-49). Let a be 2/(6/3)*b. Let p(y) = -y**2 - 2. What is p(a)?
-6
Let l(i) = i - 11. Let f be l(13). Let k(p) = 3*p**2 + 2 + 3*p**2 - p - 4*p**f + 0. What is k(-2)?
12
Let z(m) = -3*m - 2. Let g = 0 + -1. Let c = g - -3. Give z(c).
-8
Let j(w) = 5*w**2 - 5*w - 7. Let f = -3 + 10. Let o(m) = -2*m**2 + 3*m + 3. Let s(k) = f*o(k) + 3*j(k). Let y = 0 - 5. Determine s(y).
-5
Let a = 44 - 30. Suppose -v = -y + 2, 0 = -5*y - 5*v + a + 26. Let p = y - 10. Let i(d) = d**2 + 6*d + 4. What is i(p)?
-1
Let o(i) = i**3 + 7*i**2 - 9*i - 7. Let w(c) = -c + 9. Let l be w(17). Give o(l).
1
Let m = 13 + -17. Let g(t) = t**3 + 4*t**2 - t. Determine g(m).
4
Let x(i) = -i**3 - 5*i**2 + 6*i - 7. Let d(l) = -l + 8. Let j be d(8). Suppose -2*g - 4*a = j, 0*g + 4*g - 4*a + 36 = 0. Give x(g).
-7
Let k = -6 - -11. Let q(u) = k*u - 1 + 1 + u**2. Let n be 14/(-42) - (-14)/(-3). What is q(n)?
0
Let k(z) = -z + 3. Let h(q) = q - 4. Let x be h(7). Suppose 5*w - 19 = 3*d, 3*w - 18 = 3*d + d. Let a be (0*x/6)/w. What is k(a)?
3
Let i(s) be the third derivative of 1/360*s**6 + 0*s**5 + 0 - 1/6*s**3 - 1/24*s**4 - 4*s**2 + 0*s. Let l(p) be the first derivative of i(p). Determine l(3).
8
Let a(q) = 2*q**2 + 1 + q - 33*q**3 + 31*q**3 + 0. Let o(n) = n**3 + 8*n**2 + n + 10. Let v be o(-8). Give a(v).
-5
Suppose 0 = -2*l + l - 5*g - 6, -5*g = -4*l + 1. Let b(u) = -10*u**2 - 1. Give b(l).
-11
Let m = -1 - 5. Let h(u) = 8*u - 18. Let p(w) = -w + 1. Let l(f) = h(f) + 10*p(f). Determine l(m).
4
Suppose -2*d + 0 + 2 = 0. Let c(v) = -2*v - 1. Determine c(d).
-3
Suppose -4*z + 0*z + 14 = -3*a, -3*z - 4*a = 2. Suppose w - 3*d + 4 = 17, 22 = z*w - 5*d. Let v = 4 - w. Let r(i) = 3*i - 2. Give r(v).
7
Let h = 13 + -6. Let t(y) be the